{"id":21788,"date":"2023-12-06T13:56:38","date_gmt":"2023-12-06T13:56:38","guid":{"rendered":"https:\/\/wordpress.rosoft.si\/?page_id=21788"},"modified":"2024-09-23T13:34:18","modified_gmt":"2024-09-23T12:34:18","slug":"podpora","status":"publish","type":"page","link":"https:\/\/rosoft.si\/index.php\/podpora\/","title":{"rendered":"Podpora"},"content":{"rendered":"","protected":true},"excerpt":{"rendered":"","protected":true},"author":1,"featured_media":0,"parent":0,"menu_order":0,"comment_status":"closed","ping_status":"closed","template":"page-single.php","meta":{"footnotes":""},"class_list":["post-21788","page","type-page","status-publish","post-password-required","hentry"],"rttpg_featured_image_url":null,"rttpg_author":{"display_name":"admin","author_link":"https:\/\/rosoft.si\/author\/rosoft_admin\/"},"rttpg_comment":0,"rttpg_category":null,"rttpg_excerpt":"Ni izvle\u010dka, ker je prispevek za\u0161\u010diten.","_links":{"self":[{"href":"https:\/\/rosoft.si\/index.php\/wp-json\/wp\/v2\/pages\/21788","targetHints":{"allow":["GET"]}}],"collection":[{"href":"https:\/\/rosoft.si\/index.php\/wp-json\/wp\/v2\/pages"}],"about":[{"href":"https:\/\/rosoft.si\/index.php\/wp-json\/wp\/v2\/types\/page"}],"author":[{"embeddable":true,"href":"https:\/\/rosoft.si\/index.php\/wp-json\/wp\/v2\/users\/1"}],"replies":[{"embeddable":true,"href":"https:\/\/rosoft.si\/index.php\/wp-json\/wp\/v2\/comments?post=21788"}],"version-history":[{"count":33,"href":"https:\/\/rosoft.si\/index.php\/wp-json\/wp\/v2\/pages\/21788\/revisions"}],"predecessor-version":[{"id":22604,"href":"https:\/\/rosoft.si\/index.php\/wp-json\/wp\/v2\/pages\/21788\/revisions\/22604"}],"wp:attachment":[{"href":"https:\/\/rosoft.si\/index.php\/wp-json\/wp\/v2\/media?parent=21788"}],"curies":[{"name":"wp","href":"https:\/\/api.w.org\/{rel}","templated":true}]}}